 36.
33
Let p(y) = -2*y**3 - 5*y**2 + 22*y + 56. Suppose -4*t - 5*c - 1 = -39, -5*c = 10. Calculate the remainder when p(-5) is divided by t.
11
Let u(s) = -6*s - 4. Suppose -p + 4*f = -18, -4*p + 13 + 7 = -3*f. Suppose b - 5 = -i, 4*b - 7*i = -p*i - 7. Calculate the remainder when b is divided by u(-1).
0
Let b = 401 + -383. What is the remainder when 117 is divided by b?
9
Suppose -20 = 5*i - 90. Calculate the remainder when 80 is divided by i.
10
Let k(y) = -54*y - 24. Let m be k(-4). Suppose 2*h - m = -5*w, -h = 4*w + 2*h - 148. Calculate the remainder when w is divided by (21/5)/(1/5).
19
Suppose -4*i + 3*c = -16, 0 = 3*i - 2*c - 7 - 6. Suppose m + 4*f + 2 = 0, 3*m - i - 1 = 2*f. Let p = 7 - 5. What is the remainder when m is divided by p?
0
Suppose 19 = 5*t - 121. Let s = t - 26. Calculate the remainder when 4 is divided by s.
0
Let v(d) = d**3 + 21*d**2 - 4. Let u be v(-21). What is the remainder when 21 is divided by 6/u - (-4 + 114/(-12))?
9
Let b(r) = 5*r + 6. Let z be 4/(-6)*(1 + -7). Let v be b(z). Suppose -7*o - v = -9*o. Calculate the remainder when 49 is divided by o.
10
Suppose 0 = -18*d - 29*d + 893. Calculate the remainder when d is divided by 13.
6
Let n = 13 + 11. Suppose n - 45 = -3*v. What is the remainder when 23 is divided by v?
2
Let m(n) = 6*n + 3. Let o be m(-2). Let z = -6 - o. Suppose 40 = 5*h - 5*y, -z*h - 3*y - 8 + 38 = 0. Calculate the remainder when h is divided by 4.
1
Suppose 5*x - 25 = -0, x + 1005 = 5*c. Calculate the remainder when c is divided by 12.
10
Let y(g) = g**2 + 6*g - 2. Suppose -2*s = -4*s - 14. Suppose 0 = t - 3. Calculate the remainder when y(s) is divided by t.
2
Let z = -127 - -187. Let q = -38 + z. Suppose -4 = -3*v - 19, -5*i + 2*v + 50 = 0. What is the remainder when q is divided by i?
6
Calculate the remainder when (-1)/(6/(-18)) + 836/4 is divided by 24.
20
Let q(z) = z**3 + 6*z**2 - 3*z. Let b be q(-6). Let w be (-1 + (-64)/(-12))*b. What is the remainder when 4/(3/(w/2)) is divided by 27?
25
Suppose -2*a + 47 + 39 = 0. Let k = 32 - 23. What is the remainder when a is divided by k?
7
Suppose 2*h + 2*n = -48, n + 3*n = 16. Let w = h - -38. What is the remainder when -87*(-4)/12 - 0 is divided by w?
9
Suppose -5*v + 4*i + 57 = 0, -5*v + 46 = -v - 3*i. Calculate the remainder when 129 is divided by v.
12
Suppose 0*s = 10*s - 30. Suppose s*z = 87 + 57. Calculate the remainder when z is divided by 5.
3
Let q be (-4 - -1)/(11/44). Let y be q*(-2 - 21/(-12)). Suppose -y*r = -2*r - 1. What is the remainder when 1 is divided by r?
0
Let i be (-4)/(-10) + 0 - (-50)/(-125). Suppose 2*c + 3*h - 36 = i, 5*h - 2 - 6 = c. What is the remainder when 106 is divided by c?
10
Let p(d) be the second derivative of d**3/2 - 4*d**2 + 4*d. What is the remainder when p(6) is divided by (-5)/((-10)/6) + 0 + 2?
0
Suppose -3*o + 2*x = 7*x - 15, 5*x = -5*o + 15. Suppose -12 = -3*b - o. Suppose b*c - 3 = 4*j + 37, 4*j = 0. What is the remainder when c is divided by 4?
2
Let d = 9 - 4. Suppose 0 = -2*q - 3*q + 200. Suppose 2*m = -3*m + q. What is the remainder when m is divided by d?
3
Let m = 3 + 27. Let d(f) = -f - 3. Let k be d(-11). Suppose -k*z = -4*z - 352. What is the remainder when z is divided by m?
28
Suppose -1 + 11 = 5*k. Suppose -u + k + 9 = 0. Calculate the remainder when 18 is divided by u.
7
Let t(s) = -22*s + 152. What is the remainder when 179 is divided by t(6)?
19
Suppose 2 - 18 = -4*j. Suppose -j*l - 43 + 11 = 4*k, 3*l = 4*k - 31. Let a = 25 - l. What is the remainder when a is divided by 9?
7
Suppose -x - 17 + 69 = b, 4*x - 193 = -b. Let j(a) = -5*a - 10. Let m be j(-7). Let q = x - m. What is the remainder when 63 is divided by q?
19
Suppose -74 = -c - 3*c + 5*x, -15 = -c + 3*x. Suppose 4*u + 4*f = 156, 2*u - u + 5*f = 35. What is the remainder when u is divided by c?
19
Let f(p) = 2*p**2 + p - 3. Suppose -b = w + 3, 6*w = 3*b + w + 9. What is the remainder when f(b) is divided by 7?
5
Suppose -5*c + 8 = -7. What is the remainder when ((-6)/(-12))/(c/18) is divided by 2?
1
Suppose 65*g - 70*g + 670 = 0. Calculate the remainder when g is divided by 69.
65
Let i(x) = 169*x**2 + 1. Let p be i(1). Let d = 86 - p. Calculate the remainder when (d/4)/(3 - 4) is divided by 6.
3
Suppose -3 = -0*v + v - 3*g, 0 = -3*g + 15. Calculate the remainder when (-4)/14 + 30/105 + 30 is divided by v.
6
Let p = -708 - -740. Calculate the remainder when 217 is divided by p.
25
Let n(k) = -4*k**2. Let z be n(-1). Let c = 7 + z. Suppose 0 = -4*r + 7 + 37. Calculate the remainder when r is divided by c.
2
Let b be (-2 + (-26)/(-2))*9. Suppose b = 11*u - 8*u. Suppose 2*z = a + 17, -3*a + 7*a = 3*z - u. Calculate the remainder when 19 is divided by z.
5
Let v be ((-8)/6)/((-2)/57). Let b = v - 31. What is the remainder when b is divided by 5?
2
Suppose 4*d = 199 + 53. Calculate the remainder when 628 is divided by d.
61
Suppose -70 = -2*n - 4. Suppose -1728 = 3330*o - 3348*o. Calculate the remainder when o is divided by n.
30
Let v(f) = 4*f**3 - 8*f**2 + f - 2. Calculate the remainder when v(9) is divided by 33.
31
Suppose 0 = -5*j + 2*c + 1281, 2*j + 4*c - 194 = 304. What is the remainder when j is divided by 64?
63
Let v(i) = 6*i**2 + 29*i - 19. Let r(c) = -c**2 - 5*c + 3. Let m(l) = 39*r(l) + 6*v(l). Calculate the remainder when m(-5) is divided by 9.
6
Let z(l) = -9*l**2 - 19*l + 6. Let b be z(-5). Let r = b - -128. What is the remainder when 39 is divided by r?
3
Suppose -4 = -3*j + 2*h + 29, 2*j - 33 = 5*h. What is the remainder when 38 is divided by j?
2
Let x(z) = -z**2 + 52*z + 114. What is the remainder when 32 is divided by x(54)?
2
Let r be 0 + 7/(7/3). Suppose -62 - 28 = -r*i. Let p = 20 - 9. Calculate the remainder when i is divided by p.
8
Suppose 27*i - 1426 = 4*i. What is the remainder when 121 is divided by i?
59
Suppose -9 = -5*c + 126. Let o(w) = -w**3 + w**2 + 12. Calculate the remainder when o(0) is divided by -8*(2/3)/((-36)/c).
0
Let h(f) = -2*f + 1. Let c be h(-1). Suppose -c*b + 5 + 10 = 0. Suppose -70 = -b*t + 20. Calculate the remainder when 35 is divided by t.
17
Let k be 2358/8 + (-2)/(-8). Suppose 238 = 4*y + 2*l, -4*y - y + k = 2*l. Calculate the remainder when y is divided by 20.
17
Suppose 4*v - z - 55 = 0, -5*v + 4*z = -9*v + 80. What is the remainder when 22 is divided by v?
7
Suppose -f - 6*d + 2*d = -26, 2*d = -2*f + 28. Let w = -98 + 105. Calculate the remainder when (0 - -35) + -3 + -2 + w is divided by f.
7
Let r = 300 + -271. What is the remainder when r is divided by (-2)/(-6) + 68/12?
5
Let l(c) = 37*c - 119. Calculate the remainder when l(4) is divided by 3.
2
Suppose -4*k + 58 = 10. Suppose k = 2*r + 2*x, -2*r - 3*x + 10 = -r. Calculate the remainder when 11 is divided by r.
3
Calculate the remainder when 55 is divided by 28/(-98) + ((-216)/(-21) - -4).
13
Suppose y + 3*c - 34 = 8*c, 4*y - c = 41. Suppose 0*p = -p + y. Let n(l) = -l**2 + 33. What is the remainder when n(0) is divided by p?
6
Suppose 19*c = 23*c - 16. Let u(f) = 0 + 3*f - f + 1. What is the remainder when 34 is divided by u(c)?
7
Calculate the remainder when 12 is divided by 4/(-46) + 234/46.
2
Let r(q) = 48*q**3 - 2*q**2 + 8*q - 7. Calculate the remainder when 324 is divided by r(1).
42
Suppose -3374 + 734 = -40*k. Calculate the remainder when k is divided by 34.
32
Let w = -5 + 15. What is the remainder when 76 is divided by w?
6
Suppose -4*c = 4*z + c - 85, 0 = -z + 2*c + 18. Let p = -16 + z. Suppose -5*l + 65 = 5*y, -p*y - 10 = 3*l - 48. What is the remainder when 39 is divided by l?
11
What is the remainder when 2351 is divided by (224/(-6))/(-2 + (-10)/(-6))?
111
Suppose 0 = -11*h + 506 + 55. Calculate the remainder when h is divided by 11.
7
Let t(d) = 4*d + 421. What is the remainder when t(-46) is divided by 40?
37
Suppose -3*b + 131 = 2*r - 3*r, 4*r = -2*b + 64. Suppose -4*j + 2*j = -46. Calculate the remainder when b is divided by j.
19
Suppose -t = -1, -5*f + 1 + 10 = -4*t. What is the remainder when (2*-85)/(-5)*f is divided by 35?
32
Suppose -5*s = u - 35, 2*u - 10*s = -9*s + 4. Let i = 7 + 0. Calculate the remainder when i is divided by u.
2
Let r = 6793 + -4221. Calculate the remainder when r is divided by 25.
22
Let y = -1763 - -1788. What is the remainder when 112 is divided by y?
12
Let